{"id":6,"date":"2023-05-08T11:48:00","date_gmt":"2023-05-08T09:48:00","guid":{"rendered":"http:\/\/nowesantipur.pl\/?page_id=6"},"modified":"2024-08-16T22:02:43","modified_gmt":"2024-08-16T20:02:43","slug":"home","status":"publish","type":"page","link":"https:\/\/nowesantipur.pl\/","title":{"rendered":"Home"},"content":{"rendered":"\n<figure class=\"wp-block-image size-large\"><img loading=\"lazy\" decoding=\"async\" width=\"1024\" height=\"368\" src=\"https:\/\/nowesantipur.pl\/wp-content\/uploads\/2023\/07\/zdjecia-pano-bostwa02-1024x368.jpg\" alt=\"Sri Sri Panca-tattva\" class=\"wp-image-16\" srcset=\"https:\/\/nowesantipur.pl\/wp-content\/uploads\/2023\/07\/zdjecia-pano-bostwa02-1024x368.jpg 1024w, https:\/\/nowesantipur.pl\/wp-content\/uploads\/2023\/07\/zdjecia-pano-bostwa02-300x108.jpg 300w, https:\/\/nowesantipur.pl\/wp-content\/uploads\/2023\/07\/zdjecia-pano-bostwa02-768x276.jpg 768w, https:\/\/nowesantipur.pl\/wp-content\/uploads\/2023\/07\/zdjecia-pano-bostwa02.jpg 1270w\" sizes=\"auto, (max-width: 1024px) 100vw, 1024px\" \/><\/figure>\n\n\n\n<figure class=\"wp-block-image size-large\"><img loading=\"lazy\" decoding=\"async\" width=\"1024\" height=\"368\" src=\"https:\/\/nowesantipur.pl\/wp-content\/uploads\/2023\/07\/zdjecia-pano-krowki1-1024x368.jpg\" alt=\"Krowy na \u0142\u0105ce Nowe Santipur\" class=\"wp-image-24\" srcset=\"https:\/\/nowesantipur.pl\/wp-content\/uploads\/2023\/07\/zdjecia-pano-krowki1-1024x368.jpg 1024w, https:\/\/nowesantipur.pl\/wp-content\/uploads\/2023\/07\/zdjecia-pano-krowki1-300x108.jpg 300w, https:\/\/nowesantipur.pl\/wp-content\/uploads\/2023\/07\/zdjecia-pano-krowki1-768x276.jpg 768w, https:\/\/nowesantipur.pl\/wp-content\/uploads\/2023\/07\/zdjecia-pano-krowki1.jpg 1270w\" sizes=\"auto, (max-width: 1024px) 100vw, 1024px\" \/><\/figure>\n\n\n\n<figure class=\"wp-block-image size-large\"><img loading=\"lazy\" decoding=\"async\" width=\"1024\" height=\"368\" src=\"https:\/\/nowesantipur.pl\/wp-content\/uploads\/2023\/07\/zdjecia-pano-bostwa-04-1024x368.jpg\" alt=\"Sri Sri Panca-tattva\" class=\"wp-image-19\" srcset=\"https:\/\/nowesantipur.pl\/wp-content\/uploads\/2023\/07\/zdjecia-pano-bostwa-04-1024x368.jpg 1024w, https:\/\/nowesantipur.pl\/wp-content\/uploads\/2023\/07\/zdjecia-pano-bostwa-04-300x108.jpg 300w, https:\/\/nowesantipur.pl\/wp-content\/uploads\/2023\/07\/zdjecia-pano-bostwa-04-768x276.jpg 768w, https:\/\/nowesantipur.pl\/wp-content\/uploads\/2023\/07\/zdjecia-pano-bostwa-04.jpg 1270w\" sizes=\"auto, (max-width: 1024px) 100vw, 1024px\" \/><\/figure>\n\n\n\n<figure class=\"wp-block-image size-large\"><img loading=\"lazy\" decoding=\"async\" width=\"1024\" height=\"368\" src=\"https:\/\/nowesantipur.pl\/wp-content\/uploads\/2023\/07\/zdjecia-pano-krowki-2-1024x368.jpg\" alt=\"Krowy na \u0142\u0105ce w Nowym Santipur\" class=\"wp-image-25\" srcset=\"https:\/\/nowesantipur.pl\/wp-content\/uploads\/2023\/07\/zdjecia-pano-krowki-2-1024x368.jpg 1024w, https:\/\/nowesantipur.pl\/wp-content\/uploads\/2023\/07\/zdjecia-pano-krowki-2-300x108.jpg 300w, https:\/\/nowesantipur.pl\/wp-content\/uploads\/2023\/07\/zdjecia-pano-krowki-2-768x276.jpg 768w, https:\/\/nowesantipur.pl\/wp-content\/uploads\/2023\/07\/zdjecia-pano-krowki-2.jpg 1270w\" sizes=\"auto, (max-width: 1024px) 100vw, 1024px\" \/><\/figure>\n\n\n\n<figure class=\"wp-block-image size-large\"><img loading=\"lazy\" decoding=\"async\" width=\"1024\" height=\"368\" src=\"https:\/\/nowesantipur.pl\/wp-content\/uploads\/2023\/07\/zdjecia-pano-drzewa-dal-1024x368.jpg\" alt=\"Dolina Nowego Santipur\" class=\"wp-image-23\" srcset=\"https:\/\/nowesantipur.pl\/wp-content\/uploads\/2023\/07\/zdjecia-pano-drzewa-dal-1024x368.jpg 1024w, https:\/\/nowesantipur.pl\/wp-content\/uploads\/2023\/07\/zdjecia-pano-drzewa-dal-300x108.jpg 300w, https:\/\/nowesantipur.pl\/wp-content\/uploads\/2023\/07\/zdjecia-pano-drzewa-dal-768x276.jpg 768w, https:\/\/nowesantipur.pl\/wp-content\/uploads\/2023\/07\/zdjecia-pano-drzewa-dal.jpg 1270w\" sizes=\"auto, (max-width: 1024px) 100vw, 1024px\" \/><\/figure>\n\n\n\n<div class=\"wp-block-columns is-layout-flex wp-container-core-columns-is-layout-28f84493 wp-block-columns-is-layout-flex\">\n<div class=\"wp-block-column is-layout-flow wp-block-column-is-layout-flow\">\n<figure class=\"wp-block-image size-full\"><img loading=\"lazy\" decoding=\"async\" width=\"572\" height=\"586\" src=\"https:\/\/nowesantipur.pl\/wp-content\/uploads\/2023\/07\/mapa-polska.png\" alt=\"Nowe Santipur na mapie Polski\" class=\"wp-image-15\" srcset=\"https:\/\/nowesantipur.pl\/wp-content\/uploads\/2023\/07\/mapa-polska.png 572w, https:\/\/nowesantipur.pl\/wp-content\/uploads\/2023\/07\/mapa-polska-293x300.png 293w\" sizes=\"auto, (max-width: 572px) 100vw, 572px\" \/><\/figure>\n<\/div>\n\n\n\n<div class=\"wp-block-column is-layout-flow wp-block-column-is-layout-flow\">\n<figure class=\"wp-block-image size-full\"><img loading=\"lazy\" decoding=\"async\" width=\"572\" height=\"586\" src=\"https:\/\/nowesantipur.pl\/wp-content\/uploads\/2023\/07\/mapa-dolnyslask.png\" alt=\"Nowe Santipur na mapie Dolnego \u015al\u0105ska\" class=\"wp-image-13\" srcset=\"https:\/\/nowesantipur.pl\/wp-content\/uploads\/2023\/07\/mapa-dolnyslask.png 572w, https:\/\/nowesantipur.pl\/wp-content\/uploads\/2023\/07\/mapa-dolnyslask-293x300.png 293w\" sizes=\"auto, (max-width: 572px) 100vw, 572px\" \/><\/figure>\n<\/div>\n\n\n\n<div class=\"wp-block-column is-layout-flow wp-block-column-is-layout-flow\">\n<figure class=\"wp-block-image size-full\"><img loading=\"lazy\" decoding=\"async\" width=\"572\" height=\"586\" src=\"https:\/\/nowesantipur.pl\/wp-content\/uploads\/2023\/07\/mapa-okolice-kamiennej.png\" alt=\"Nowe Santipur na mapie Okolice Kamiennej G\u00f3ry\" class=\"wp-image-14\" srcset=\"https:\/\/nowesantipur.pl\/wp-content\/uploads\/2023\/07\/mapa-okolice-kamiennej.png 572w, https:\/\/nowesantipur.pl\/wp-content\/uploads\/2023\/07\/mapa-okolice-kamiennej-293x300.png 293w\" sizes=\"auto, (max-width: 572px) 100vw, 572px\" \/><\/figure>\n<\/div>\n<\/div>\n\n\n\n<p class=\"has-text-align-center\">Polityka ochrony ma\u0142oletnich:<\/p>\n\n\n\n<figure class=\"wp-block-table\"><table class=\"has-fixed-layout\"><tbody><tr><td class=\"has-text-align-center\" data-align=\"center\"><a href=\"https:\/\/nowesantipur.pl\/wp-content\/uploads\/2024\/08\/NS-standardy-ochrony-maloletnich-14_08_2024.pdf\" target=\"_blank\" rel=\"noreferrer noopener\">Wersja pe\u0142na<\/a><\/td><td class=\"has-text-align-center\" data-align=\"center\"><a href=\"https:\/\/nowesantipur.pl\/wp-content\/uploads\/2024\/08\/NS-w-kontakcie-z-dziecmi-i-mlodzieza.pdf\" target=\"_blank\" rel=\"noreferrer noopener\">Wersja skr\u00f3cona<\/a><\/td><\/tr><\/tbody><\/table><\/figure>\n","protected":false},"excerpt":{"rendered":"<p>Polityka ochrony ma\u0142oletnich: Wersja pe\u0142na Wersja skr\u00f3cona<\/p>\n","protected":false},"author":1,"featured_media":0,"parent":0,"menu_order":0,"comment_status":"closed","ping_status":"closed","template":"blank","meta":{"footnotes":""},"class_list":["post-6","page","type-page","status-publish","hentry"],"_links":{"self":[{"href":"https:\/\/nowesantipur.pl\/index.php\/wp-json\/wp\/v2\/pages\/6","targetHints":{"allow":["GET"]}}],"collection":[{"href":"https:\/\/nowesantipur.pl\/index.php\/wp-json\/wp\/v2\/pages"}],"about":[{"href":"https:\/\/nowesantipur.pl\/index.php\/wp-json\/wp\/v2\/types\/page"}],"author":[{"embeddable":true,"href":"https:\/\/nowesantipur.pl\/index.php\/wp-json\/wp\/v2\/users\/1"}],"replies":[{"embeddable":true,"href":"https:\/\/nowesantipur.pl\/index.php\/wp-json\/wp\/v2\/comments?post=6"}],"version-history":[{"count":4,"href":"https:\/\/nowesantipur.pl\/index.php\/wp-json\/wp\/v2\/pages\/6\/revisions"}],"predecessor-version":[{"id":34,"href":"https:\/\/nowesantipur.pl\/index.php\/wp-json\/wp\/v2\/pages\/6\/revisions\/34"}],"wp:attachment":[{"href":"https:\/\/nowesantipur.pl\/index.php\/wp-json\/wp\/v2\/media?parent=6"}],"curies":[{"name":"wp","href":"https:\/\/api.w.org\/{rel}","templated":true}]}}